{"id":2238,"date":"2023-05-13T11:34:30","date_gmt":"2023-05-13T11:34:30","guid":{"rendered":"https:\/\/web32941.greatnet-hosting.de\/?page_id=2238"},"modified":"2026-03-25T07:34:16","modified_gmt":"2026-03-25T06:34:16","slug":"impressum","status":"publish","type":"page","link":"https:\/\/mv-malschenberg.de\/index.php\/impressum\/","title":{"rendered":"Impressum"},"content":{"rendered":"<div class=\"et_pb_section_0 et_pb_section et_section_regular et_block_section\">\n<div class=\"et_pb_row_0 et_pb_row et_block_row\">\n<div class=\"et_pb_column_0 et_pb_column et_pb_column_4_4 et-last-child et_block_column et_pb_css_mix_blend_mode_passthrough\">\n<div class=\"et_pb_text_0 et_pb_text et_pb_bg_layout_light et_pb_module et_block_module\"><div class=\"et_pb_text_inner\"><h3><span style=\"color: #0000ff;\"><strong>Impressum des Musikverein Trachtenkapelle \"Harmonie\" e.V. Malschenberg\u00a0\u00a0\u00a0\u00a0<\/strong><\/span><\/h3>\n<p><span style=\"color: #0000ff;\"><strong>(Vereinsregister des Amtsgericht Wiesloch - Registernummer: VR197)<\/strong><\/span><\/p>\n<div><span style=\"color: #0000ff;\">Musikverein Trachtenkapelle \"Harmonie\" e.V. Malschenberg<\/span><\/div>\n<div><span class=\"contact-street\" itemprop=\"streetAddress\" style=\"color: #0000ff;\">Goethestr.12<\/span><\/div>\n<div><span style=\"color: #0000ff;\">69231 Rauenberg-Malschenberg<\/span><\/div>\n<div><\/div>\n<p>\u00a0<\/p>\n<div><span style=\"color: #0000ff;\"><strong><span><\/span><\/strong><\/span><\/div>\n<div><\/div>\n<div><\/div>\n<div><span style=\"color: #0000ff;\"><strong>Vertreten durch:<\/strong><\/span><br \/><span style=\"color: #0000ff;\"><a href=\"mailto:erstevorsitzende@mv-malschenberg.de\" style=\"color: #0000ff;\">1.Vorsitzende\u00a0 \u00a0 \u00a0 \u00a0 \u00a0 \u00a0Frau Christa Sch\u00e4ffner<\/a>\u00a0 \u00a0<\/span><br \/><span style=\"color: #0000ff;\"><\/span><\/div>\n<div><span style=\"color: #0000ff;\"><\/span><\/div>\n<div><span style=\"color: #0000ff;\">E-Mail: <strong>erste vorsitzende<ins><span id=\"cloakac54554e97331824a22e498f83cc6032\"><a href=\"mailto:Vorstand@MV-Malschenberg.de\" style=\"color: #0000ff;\">@mv-malschenberg.de<\/a><\/span><\/ins><\/strong><\/span><\/div>\n<div><span style=\"color: #0000ff;\"><br \/>aktuell nicht besetzt\u00a0 \u00a0 \u00a0 ( 2.Vorsitzender )<\/span><\/div>\n<div><span style=\"color: #0000ff;\"><br \/><a href=\"mailto:erstevorsitzende@mv-malschenberg.de\" style=\"color: #0000ff;\">Schriftf\u00fchrerin\u00a0 \u00a0 \u00a0 \u00a0 \u00a0 Frau Kerstin Brucker<\/a><\/span><\/div>\n<div><span style=\"color: #0000ff;\">Schriftf\u00fchrer\u00a0 \u00a0 \u00a0 \u00a0 \u00a0 \u00a0 \u00a0 Herr Gerhard Engler<\/span><\/div>\n<div><span style=\"color: #0000ff;\">E-Mail: <strong>schriftfuehrerin-schriftfuehrer<ins><span id=\"cloakac54554e97331824a22e498f83cc6032\"><a href=\"mailto:Vorstand@MV-Malschenberg.de\" style=\"color: #0000ff;\">@mv-malschenberg.de<\/a><\/span><\/ins><\/strong><\/span><\/div>\n<div><span style=\"color: #0000ff;\"><br \/><a href=\"mailto:erstevorsitzende@mv-malschenberg.de\" style=\"color: #0000ff;\">Kassierin\u00a0 \u00a0 \u00a0 \u00a0 \u00a0 \u00a0 \u00a0 \u00a0 \u00a0 \u00a0 Frau Marina Ludwig<\/a><\/span><\/div>\n<p><span style=\"color: #0000ff;\">E-Mail: <strong>kassierin<ins><span id=\"cloakac54554e97331824a22e498f83cc6032\"><a href=\"mailto:Vorstand@MV-Malschenberg.de\" style=\"color: #0000ff;\">@mv-malschenberg.de<\/a><\/span><\/ins><\/strong><\/span><\/p>\n<p><span style=\"color: #0000ff;\">\u00a0<\/span><\/p>\n<h2><span style=\"color: #0000ff;\">Disclaimer \u2013 rechtliche Hinweise<\/span><\/h2>\n<p><span style=\"color: #0000ff;\">\u00a0<\/span><\/p>\n<p><span style=\"color: #0000ff;\"><strong>Haftung f\u00fcr Links<\/strong><\/span><br \/><span style=\"color: #0000ff;\">Unsere Seiten enthalten Links zu externen Webseiten, auf deren Inhalte wir keinen Einfluss haben. Wir k\u00f6nnen daher f\u00fcr diese fremden Inhalte auch keine Gew\u00e4hr \u00fcbernehmen. F\u00fcr die Inhalte der verlinkten Seiten ist stets der jeweilige Anbieter oder Betreiber der Seiten verantwortlich. Eine permanente inhaltliche Kontrolle dieser Seiten wird von uns nicht durchgef\u00fchrt. Sollten uns\u00a0Rechtsverletzungen auffallen, werden wir derartige Links umgehend entfernen.<\/span><br \/><span style=\"color: #0000ff;\"><br \/><\/span><\/p>\n<p><span style=\"color: #0000ff;\"><strong>Haftung f\u00fcr Inhalte<\/strong><br \/>Die Inhalte unserer Seiten wurden mit gr\u00f6\u00dfter Sorgfalt erstellt. F\u00fcr die Richtigkeit, Vollst\u00e4ndigkeit und Aktualit\u00e4t der Inhalte \u00fcbernehmen wir jedoch keine Gew\u00e4hr. Als Betreiber dieser Homepage sind wir gem\u00e4\u00df \u00a7 6 Abs.1 MDStV und \u00a7 8 Abs.1 TDG f\u00fcr eigene Inhalte auf diesen Seiten nach dem allgemeinen Gesetz verantwortlich. Wir sind jedoch nicht verpflichtet die an uns \u00fcbermittelten oder gespeicherten fremden Informationen zu \u00fcberwachen oder nach Umst\u00e4nden zu forschen, die auf eine rechtswidrige T\u00e4tigkeit hinweisen. Verpflichtungen zur Entfernung oder Sperrung der Nutzung von Informationen nach dem allgemeinen Gesetz bleiben hiervon unber\u00fchrt. Inhalte, mit erkannten Rechtsverletzungen, werden von uns umgehend entfernen.<\/span><\/p>\n<p><span style=\"color: #0000ff;\">\u00a0<\/span><\/p>\n<p><span style=\"color: #0000ff;\"><strong>Keine Abmahnung ohne Kontakt<\/strong><br \/>Sollte auf den dargestellten Seiten der Inhalt fremder Rechte Dritter oder gesetzliche Bestimmungen verletzt werden, informieren Sie uns ohne Kostennote. Wir garantieren, dass die zu Recht beanstandeten Passagen unverz\u00fcglich entfernt werden, ohne dass von Ihrer Seite die Einschaltung eines Rechtsbeistandes erforderlich ist. Sollten von Ihnen ausgel\u00f6ste Kosten ohne vorherige Kontaktaufnahme erfolgen, werden wir im Sinne der Schadensminderungspflicht diese zur\u00fcckweisen und gegebenenfalls Gegenklage wegen Verletzung vorgenannter Bestimmungen eingereicht.<\/span><\/p>\n<p><span style=\"color: #0000ff;\">\u00a0<\/span><\/p>\n<p><span style=\"color: #0000ff;\"><strong>Datenschutz<\/strong><br \/>Soweit auf unseren Seiten personenbezogene Daten (z.B. Namen, Anschrift oder Email- Adressen) aufgef\u00fchrt sind, erfolgt dies stets auf freiwilliger Basis. Die Nutzung der Angebote und Dienste sind stets ohne Angabe personenbezogener Daten m\u00f6glich. Der Nutzung von im Rahmen der Impressumspflicht ver\u00f6ffentlichten Kontaktdaten durch Dritte zur \u00dcbersendung von nicht ausdr\u00fccklich angeforderter Werbung und Informationsmaterialien wird hiermit ausdr\u00fccklich untersagt. Wir behalten uns rechtliche Schritte im Falle der unverlangten Zusendung von Werbeinformationen, etwa durch Spam- Mails, vor.<\/span><\/p>\n<p><span style=\"color: #0000ff;\">\u00a0<\/span><\/p>\n<p><span style=\"color: #0000ff;\"><strong>Urheberrecht<\/strong><br \/>Wir, als Betreiber dieser Seiten sind bem\u00fcht, stets die Urheberrechte anderer zu beachten bzw. auf selbst erstellte sowie lizenzfreie Werke zur\u00fcckzugreifen. Die erstellten Inhalte und Werke auf diesen Seiten unterliegen dem deutschen Urheberrecht. Beitr\u00e4ge Dritter sind als solche gekennzeichnet. Die Bearbeitung, Vervielf\u00e4ltigung und Verbreitung der Inhalte bed\u00fcrfen der schriftlichen Zustimmung des jeweiligen Autors. Downloads und Kopien der Seiten sind nur f\u00fcr den privaten, nicht kommerziellen Gebrauch gestattet.<\/span><\/p>\n<p><span style=\"color: #0000ff;\">\u00a0<\/span><\/p>\n<p><span style=\"color: #0000ff;\">Musikverein Trachtenkapelle \"Harmonie\" Malschenberg e.V.<\/span><\/p>\n<\/div><\/div>\n<\/div>\n<\/div>\n<\/div>","protected":false},"excerpt":{"rendered":"","protected":false},"author":1,"featured_media":0,"parent":0,"menu_order":0,"comment_status":"closed","ping_status":"closed","template":"","meta":{"footnotes":""},"class_list":["post-2238","page","type-page","status-publish","hentry"],"_links":{"self":[{"href":"https:\/\/mv-malschenberg.de\/index.php\/wp-json\/wp\/v2\/pages\/2238","targetHints":{"allow":["GET"]}}],"collection":[{"href":"https:\/\/mv-malschenberg.de\/index.php\/wp-json\/wp\/v2\/pages"}],"about":[{"href":"https:\/\/mv-malschenberg.de\/index.php\/wp-json\/wp\/v2\/types\/page"}],"author":[{"embeddable":true,"href":"https:\/\/mv-malschenberg.de\/index.php\/wp-json\/wp\/v2\/users\/1"}],"replies":[{"embeddable":true,"href":"https:\/\/mv-malschenberg.de\/index.php\/wp-json\/wp\/v2\/comments?post=2238"}],"version-history":[{"count":15,"href":"https:\/\/mv-malschenberg.de\/index.php\/wp-json\/wp\/v2\/pages\/2238\/revisions"}],"predecessor-version":[{"id":27888,"href":"https:\/\/mv-malschenberg.de\/index.php\/wp-json\/wp\/v2\/pages\/2238\/revisions\/27888"}],"wp:attachment":[{"href":"https:\/\/mv-malschenberg.de\/index.php\/wp-json\/wp\/v2\/media?parent=2238"}],"curies":[{"name":"wp","href":"https:\/\/api.w.org\/{rel}","templated":true}]}}