{"id":2010,"date":"2023-05-04T06:00:50","date_gmt":"2023-05-04T06:00:50","guid":{"rendered":"https:\/\/web32941.greatnet-hosting.de\/?page_id=2010"},"modified":"2026-03-25T07:35:22","modified_gmt":"2026-03-25T06:35:22","slug":"datenschutzgrundverordnung-dsgvo","status":"publish","type":"page","link":"https:\/\/mv-malschenberg.de\/index.php\/datenschutzgrundverordnung-dsgvo\/","title":{"rendered":"Datenschutzgrundverordnung DSGVO"},"content":{"rendered":"<div class=\"et_pb_section_0 et_pb_section et_section_regular et_block_section\">\n<div class=\"et_pb_row_0 et_pb_row et_block_row\">\n<div class=\"et_pb_column_0 et_pb_column et_pb_column_4_4 et-last-child et_block_column et_pb_css_mix_blend_mode_passthrough\">\n<div class=\"et_pb_text_0 et_pb_text et_pb_bg_layout_light et_pb_module et_block_module\"><div class=\"et_pb_text_inner\"><h4><span style=\"color: #0000ff;\"><strong>Datenschutzgrundverordnung des Musikvereins Trachtenkapelle Harmonie e.V. Malschenberg, Anlage zur Satzung<\/strong><\/span><\/h4>\n<p><span style=\"color: #0000ff;\"><strong><\/strong><\/span><\/p>\n<p><span style=\"color: #0000ff;\"><strong>Allgemeine Grunds\u00e4tze<\/strong><\/span><\/p>\n<p><span style=\"color: #0000ff;\">Die Erhebung, Verarbeitung und Nutzung von personenbezogenen Daten erfolgt im Verein nach den Richtlinien der EU-weiten Datenschutz-Grundverordnung (DS-GVO) sowie des g\u00fcltigen Bundesdatenschutzgesetzes (BDSG). Die Konformit\u00e4t zum Datenschutz im Umgang mit personenbezogenen Daten im Verein wird insbesondere durch ein Datenschutzmanagementsystem gew\u00e4hrleistet.<\/span><\/p>\n<p><span style=\"color: #0000ff;\">Mit dem Beitritt eines Mitglieds zum Verein erfolgt eine datenschutzrechtliche Unterrichtung des Mitglieds gem\u00e4\u00df Art. 13 Abs. 1 und Abs. 2 DS-GVO).\u00a0 Der Verein darf beim Vereinseintritt alle Daten erheben (Aufnahmeantrag bzw. Beitrittserkl\u00e4rung), die zur Verfolgung der Vereinsziele und f\u00fcr die Betreuung und Verwaltung der Mitglieder erforderlich sind (siehe Art. 6 Abs. 1 lit. b) DS-GVO).<\/span><\/p>\n<p><span style=\"color: #0000ff;\">F\u00fcr die Nutzung von personenbezogenen Daten sowie auch von Fotos im Rahmen der Pressearbeit in den Print- und Online-Medien (Vereinshomepage, Social \u00a0Media Plattform des Vereins) wird bei Bedarf eine separate Einwilligung eingeholt.<\/span><\/p>\n<p><span style=\"color: #0000ff;\"><strong>Beitritt zum Verein<\/strong><\/span><\/p>\n<p><span style=\"color: #0000ff;\">Mit dem Beitritt eines Mitglieds nimmt der Verein folgende personenbezogene Daten auf:<\/span><\/p>\n<ul>\n<li><span style=\"color: #0000ff;\">Vor- und Zuname<\/span><\/li>\n<li><span style=\"color: #0000ff;\">Geschlecht<\/span><\/li>\n<li><span style=\"color: #0000ff;\">Anschrift (Stra\u00dfe, Hausnummer, PLZ, Wohnort)<\/span><\/li>\n<li><span style=\"color: #0000ff;\">Kommunikationsdaten (Telefon, E-Mail)<\/span><\/li>\n<li><span style=\"color: #0000ff;\">Geburtsdatum,<\/span><\/li>\n<li><span style=\"color: #0000ff;\">Bankverbindung<\/span><\/li>\n<\/ul>\n<p><span style=\"color: #0000ff;\">Jedem Vereinsmitglied wird zudem eine vereinseigene Mitgliedsnummer zugeordnet.<\/span><\/p>\n<p><span style=\"color: #0000ff;\">Die personenbezogenen Daten werden in einem vereinseigenen EDV-System gespeichert, welches durch technische und organisatorische Ma\u00dfnahmen vor einem unberechtigten Zugriff Dritter gesch\u00fctzt ist.<\/span><\/p>\n<p><span style=\"color: #0000ff;\">Sonstige Informationen und Informationen \u00fcber Nichtmitglieder werden von dem Verein intern nur erhoben und verarbeitet, wenn sie zur Erf\u00fcllung des Vereinszweckes n\u00fctzlich sind und keine Anhaltspunkte bestehen, dass die betroffene Person ein schutzw\u00fcrdiges Interesse hat, das der Verarbeitung entgegensteht.<\/span><\/p>\n<p><span style=\"color: #0000ff;\"><strong>Austritt aus dem Verein<\/strong><\/span><\/p>\n<p><span style=\"color: #0000ff;\">Beim Austritt von Mitgliedern werden alle gespeicherten Daten archiviert. Die archivierten Daten werden ebenfalls durch geeignete technische und organisatorische Ma\u00dfnahmen vor der Kenntnisnahme Dritter gesch\u00fctzt. Die archivierten Daten d\u00fcrfen ebenfalls nur zu vereins- bzw. verbandsinternen Zwecken verwendet werden.<\/span><\/p>\n<p><span style=\"color: #0000ff;\">Personenbezogene Daten des austretenden Mitglieds, die die Kassenverwaltung des Vereins betreffen, werden gem\u00e4\u00df den steuergesetzlichen Bestimmungen bis zu zehn Kalenderjahre ab der Wirksamkeit des Austritts durch den Verein aufbewahrt. Danach werden diese Daten gel\u00f6scht.<\/span><\/p>\n<p><span style=\"color: #0000ff;\"><strong>\u00a0<\/strong><\/span><\/p>\n<p><span style=\"color: #0000ff;\"><strong>\u00dcbermittlung von Daten bei der Mitgliedermeldung<\/strong><\/span><\/p>\n<p><span style=\"color: #0000ff;\">Als Mitglied des Blasmusik-Kreisverbandes Rhein-Neckar e.V. ist der Verein verpflichtet, seine aktiven Mitglieder an den \u00fcbergeordneten Kreisverband jeweils mit Stichtag 01.01. des Kalenderjahres zu melden. Die Datenweitergabe an den Kreisverband, einem Dachverband im Verh\u00e4ltnis zum Verein, stellt eine Daten\u00fcbermittlung i.S.d. \u00a73 Abs. 4 Satz 2 Nr. 3 BDSG dar.<\/span><\/p>\n<p><span style=\"color: #0000ff;\">\u00dcbermittelt werden dabei personenbezogene Daten nach dem Meldestandard des Kreisverbandes.<\/span><\/p>\n<p><span style=\"color: #0000ff;\">Dies sind insbesondere bei aktiven Mitglieder folgende Daten:<\/span><\/p>\n<ul>\n<li><span style=\"color: #0000ff;\">Vor- und Nachname, Anschrift, Geburtsdatum, Geschlecht<\/span><\/li>\n<li><span style=\"color: #0000ff;\">Ehrungsdaten (bisher erhaltene Ehrungen des Verbandes)<\/span><\/li>\n<li><span style=\"color: #0000ff;\">Qualifikationen (z.B. D-Pr\u00fcfungen)<\/span><\/li>\n<li><span style=\"color: #0000ff;\">Instrument<\/span><\/li>\n<li><span style=\"color: #0000ff;\">Datum Beitritt zur aktiven Mitgliedschaft<\/span><\/li>\n<li><span style=\"color: #0000ff;\">Mitwirkung in Orchestergruppierungen des Vereins<\/span><\/li>\n<\/ul>\n<p><span style=\"color: #0000ff;\">Bei aktiven Mitgliedern mit besonderen Aufgaben bzw. Funktionen laut Vereinssatzung (Vorstandsmitglieder, Ausschussmitglieder), wird die vollst\u00e4ndige Adresse mit Telefonnummer, \u00a0\u00a0\u00a0\u00a0\u00a0\u00a0\u00a0\u00a0E-Mail-Adresse sowie der Bezeichnung ihrer Funktion im Verein \u00fcbermittelt.<\/span><\/p>\n<p><span style=\"color: #0000ff;\">F\u00f6rdernde Mitglieder sowie Ehrenmitglieder werden nur statistisch, also ohne namentliche Meldung \u00fcbermittelt.<\/span><\/p>\n<p><span style=\"color: #0000ff;\">Der Verein erkl\u00e4rt ausdr\u00fccklich bei Abgabe einer Mitgliedermeldung an den \u00fcbergeordneten Kreisverband, dass die Daten ausschlie\u00dflich f\u00fcr verbandsinterne Zwecke verwendet werden d\u00fcrfen; eine \u00dcberlassung an Dritte ist untersagt bzw. bedarf der schriftlichen Einwilligung der Mitglieder des Vereins.<\/span><\/p>\n<p><span style=\"color: #0000ff;\">Die \u00dcbermittlung der Mitgliedermeldung erfolgt in einem datentechnisch verschl\u00fcsselten Verfahren.<\/span><\/p>\n<p><span style=\"color: #0000ff;\"><strong>Sonstige \u00dcbermittlung von Daten an Dachverb\u00e4nde<\/strong><\/span><\/p>\n<p><span style=\"color: #0000ff;\">Als Mitglied des Blasmusik-Kreisverbandes Rhein-Neckar e.V. kann der Verein zur Erf\u00fcllung seiner Aufgaben personenbezogene Daten bei folgenden Anl\u00e4ssen an den Kreisverband \u00fcbermitteln:<\/span><\/p>\n<ul>\n<li><span style=\"color: #0000ff;\">Beantragung von <strong>Ehrungen<\/strong> nach der Ehrungsordnung des Kreisverbandes oder weiterer Dachorganisationen: Vor- und Zuname, Anschrift, Geburtsdatum, Ehrungshistorie<\/span><\/li>\n<li><span style=\"color: #0000ff;\">Anmeldung zu <strong>Lehrg\u00e4ngen<\/strong> des Kreisverbandes oder weiterer Dachorganisationen: Vor- und Zuname, Anschrift, Geburtsdatum<\/span><\/li>\n<li><span style=\"color: #0000ff;\">Anmeldung zu <strong>Fachtagungen<\/strong> und <strong>Veranstaltungen<\/strong> des Kreisverbandes oder weiterer Dachorganisationen: Vor- und Zuname, Anschrift, GeburtsdatumDie \u00dcbermittlung der Mitgliedermeldung erfolgt in einem datentechnisch verschl\u00fcsselten Verfahren.<strong style=\"font-size: 14px;\">\u00a0<\/strong><strong style=\"font-size: 14px;\"><\/strong><\/span><\/li>\n<\/ul>\n<p><span style=\"color: #0000ff;\"><strong>Pressearbeit<\/strong><\/span><\/p>\n<p><span style=\"color: #0000ff;\">Der Verein informiert die Tagespresse sowie die Verbandszeitschrift forte (DVO-Verlag) des BVBW \u00fcber Pr\u00fcfungsergebnisse und besondere Ereignisse. Solche Informationen werden \u00fcberdies auf der Internetseite des Vereins ver\u00f6ffentlicht.<\/span><\/p>\n<p><span style=\"color: #0000ff;\">Das einzelne Mitglied kann jederzeit gegen\u00fcber dem Vorstand einer solchen Ver\u00f6ffentlichung widersprechen. Im Falle des Widerspruches unterbleiben in Bezug auf das widersprechende Mitglied weitere Ver\u00f6ffentlichungen. Personenbezogene Daten des widersprechenden Mitglieds werden von der Homepage des Vereins entfernt. Der Verein benachrichtigt den Blasmusikverband Rhein-Neckar e.V. von dem Widerspruch des Mitglieds.<\/span><\/p>\n<p><span style=\"color: #0000ff;\"><strong>Weitergabe von Mitgliedsdaten an Vereinsmitglieder<\/strong><\/span><\/p>\n<p><span style=\"color: #0000ff;\">Der Vorstand macht besondere Ereignisse des Vereinslebens, insbesondere die Durchf\u00fchrung und die Ergebnisse von Pr\u00fcfungen, Ehrungen sowie Feierlichkeiten am <strong>schwarzen Brett <\/strong>des Vereins bekannt. Dabei k\u00f6nnen personenbezogene Mitgliederdaten ver\u00f6ffentlicht werden. Das einzelne Mitglied kann jederzeit gegen\u00fcber dem Vorstand einer solchen Ver\u00f6ffentlichung widersprechen. Im Falle des Widerspruches unterbleibt in Bezug auf das widersprechende Mitglied eine weitere Ver\u00f6ffentlichung am schwarzen Brett.<\/span><\/p>\n<p><span style=\"color: #0000ff;\">Der Vorstand macht besondere Ereignisse des Vereinslebens, insbesondere die Durchf\u00fchrung und die Ergebnisse von Pr\u00fcfungen, Ehrungen sowie Feierlichkeiten in der <strong>Vereinszeitschrift<\/strong> bekannt. Das einzelne Mitglied kann jederzeit gegen\u00fcber dem Vorstand einer solchen Ver\u00f6ffentlichung widersprechen. Im Falle des Widerspruches unterbleibt in Bezug auf das widersprechende Mitglied eine weitere Ver\u00f6ffentlichung, mit Ausnahme von Ergebnissen aus Wertungsspielen.<\/span><\/p>\n<p><span style=\"color: #0000ff;\"><strong>Mitgliederverzeichnisse<\/strong> werden nur an Vorstandsmitglieder und sonstige Mitglieder ausgeh\u00e4ndigt, die im Verein nach Satzung und\/oder Gesch\u00e4ftsordnung eine besondere Funktion aus\u00fcben, welche die Kenntnis der Mitgliederdaten erfordert.<\/span><\/p>\n<p><span style=\"color: #0000ff;\">Vollzugriff haben beim Musikverein Trachtenkapelle \u201eHarmonie\u201c e.V. Malschenberg<\/span><\/p>\n<p><span style=\"color: #0000ff;\">1.Vors. ;\u00a0\u00a0 2.Vors. ;\u00a0\u00a0 Schriftf\u00fchrer ;\u00a0\u00a0\u00a0 Kassier ;\u00a0\u00a0\u00a0\u00a0 EDV Beauftragter<\/span><\/p>\n<p><span style=\"color: #0000ff;\">\u00a0<\/span><\/p>\n<p><span style=\"color: #0000ff;\"><strong>Cookies- Infos:<br \/><\/strong><\/span><\/p>\n<p><span style=\"color: #0000ff;\">Cookies werden bei Ihrem Besuch unserer Homepage gespeichert. Hierdurch erhalten wir bestimmte Daten wie z. B. IP-Adresse, verwendeter Browser und Betriebssystem.\u00a0Anhand der in Cookies enthaltenen Informationen k\u00f6nnen wir Ihnen die Navigation erleichtern und die korrekte Anzeige unserer Webseiten erm\u00f6glichen.<\/span><\/p>\n<p><span style=\"color: #0000ff;\">\u00a0<\/span><\/p>\n<p><span style=\"color: #0000ff;\"><strong>Hinweis auf Beschwerderecht bei einer Aufsichtsbeh\u00f6rde<\/strong><\/span><\/p>\n<p><span style=\"color: #0000ff;\">Als Aufsichtsbeh\u00f6rde f\u00fcr die Einreichung von Beschwerden der Betroffenen zum Datenschutz steht der Landesbeauftragte f\u00fcr Datenschutz und Informationssicherheit Baden-W\u00fcrttemberg zur Verf\u00fcgung.<\/span><\/p>\n<p><span style=\"color: #0000ff;\">Die Beschwerde kann online eingereicht werden unter<\/span><\/p>\n<p><span style=\"color: #0000ff;\"><a href=\"https:\/\/www.baden-wuerttemberg.datenschutz.de\/beschwerde-online-einreichen\/\" style=\"color: #0000ff;\">https:\/\/www.baden-wuerttemberg.datenschutz.de\/beschwerde-online-einreichen\/<\/a><\/span><\/p>\n<\/div><\/div>\n<\/div>\n<\/div>\n<\/div>","protected":false},"excerpt":{"rendered":"","protected":false},"author":1,"featured_media":0,"parent":0,"menu_order":0,"comment_status":"closed","ping_status":"closed","template":"","meta":{"footnotes":""},"class_list":["post-2010","page","type-page","status-publish","hentry"],"_links":{"self":[{"href":"https:\/\/mv-malschenberg.de\/index.php\/wp-json\/wp\/v2\/pages\/2010","targetHints":{"allow":["GET"]}}],"collection":[{"href":"https:\/\/mv-malschenberg.de\/index.php\/wp-json\/wp\/v2\/pages"}],"about":[{"href":"https:\/\/mv-malschenberg.de\/index.php\/wp-json\/wp\/v2\/types\/page"}],"author":[{"embeddable":true,"href":"https:\/\/mv-malschenberg.de\/index.php\/wp-json\/wp\/v2\/users\/1"}],"replies":[{"embeddable":true,"href":"https:\/\/mv-malschenberg.de\/index.php\/wp-json\/wp\/v2\/comments?post=2010"}],"version-history":[{"count":12,"href":"https:\/\/mv-malschenberg.de\/index.php\/wp-json\/wp\/v2\/pages\/2010\/revisions"}],"predecessor-version":[{"id":27890,"href":"https:\/\/mv-malschenberg.de\/index.php\/wp-json\/wp\/v2\/pages\/2010\/revisions\/27890"}],"wp:attachment":[{"href":"https:\/\/mv-malschenberg.de\/index.php\/wp-json\/wp\/v2\/media?parent=2010"}],"curies":[{"name":"wp","href":"https:\/\/api.w.org\/{rel}","templated":true}]}}